8 + 26. Suppose -k = -2*k + 3*m - h, 4*k + 5*m - 2 = 0. Is 621 + (-3 - -2)*k a composite number?
True
Suppose 2*p = 3*p - 5. Suppose 2*h - p*h + 1077 = 0. Is h a prime number?
True
Let c = 23 + 319. Suppose -2*i = -c - 110. Is i prime?
False
Let j(b) = -b**2 + b. Let w(h) = -11*h**2 + 16*h - 23. Let f(n) = 5*j(n) - w(n). Suppose -2*k = -4*k - 20. Is f(k) prime?
True
Let q(o) = o**2 + 67*o + 6353. Is q(0) a composite number?
False
Let s be 2/3 - 16/6. Is -1042*(s - (-15)/10) a composite number?
False
Let p(k) = k**3 - 16*k**2 + 16*k - 13. Let m be p(15). Suppose -2*x + 0*x = 5*o - 1021, -497 = -x + m*o. Is x composite?
False
Suppose 5*l = -5*o + 105020, -5*l + 2*o + 6390 + 98609 = 0. Is l a composite number?
False
Suppose 0 = 5*a - 2*d + 88, 0*a - 4*d + 68 = -4*a. Let k = a - -23. Suppose -k*w - 5 = 0, w + 3408 = 3*f - 2*w. Is f prime?
False
Let k = 1648 + -969. Is k a composite number?
True
Let c be 8/12*(-11091)/(-2). Let u = c - 2304. Is u a prime number?
False
Let r(d) = -2784*d - 7. Let u be r(-3). Suppose -u = -8*m + 4847. Is m composite?
True
Let u be ((-1)/2 - (5 + -5))*-8. Suppose -9*f + 2915 = -u*f. Is f a composite number?
True
Suppose 2 = 2*q - 10. Suppose 14*c = q*c + 312. Is c prime?
False
Suppose 7*n - 9*n + 310 = 0. Suppose 2*r + 3*w - 1974 = 0, 3*w - 826 = -r + n. Is r a prime number?
False
Let o be (28/21)/(2/6). Let a(v) = 4*v**2 + 4*v + 3. Is a(o) a prime number?
True
Let s(l) be the third derivative of l**8/3360 - l**7/840 + 7*l**6/720 - l**5/20 - 3*l**2. Let y(o) be the third derivative of s(o). Is y(7) a prime number?
False
Let a(o) = -35926*o - 79. Is a(-3) composite?
False
Suppose -a + 13625 = 4*b, 7*a - 3*b - 68056 = 2*a. Is a a prime number?
True
Let o be 14/(-21)*(0 - 2634/4). Suppose -3*k - 1784 = -4*q, -q - k + 0*k = -o. Is q a prime number?
True
Suppose 2*m - 5 = -3. Let q(l) = -l**2 + l + 1. Let p be q(m). Is (-2010)/(-12)*p*2 composite?
True
Suppose -6*w + 10835 = 1325. Is w a prime number?
False
Let i be (-8)/5*175/(-14). Suppose 2*t = t + i. Is 5/t - (-211)/4 a prime number?
True
Suppose 5*p + 15*j - 40400 = 10*j, -5*j + 5 = 0. Is p prime?
False
Let q = -21 - -15. Let j be q - -5 - 8/(-2). Is j/7 + (-7836)/(-42) a prime number?
False
Let a(t) = -t + 1963. Let u be a(0). Let c = u - 821. Is c/(-8)*(-3 - 1) a prime number?
True
Suppose -37*r = 13*r - 1767850. Is r prime?
False
Suppose -i - 4*q + 6*q + 10 = 0, -q + 5 = 2*i. Suppose -5*l + 1217 = -i*l. Is l a prime number?
True
Let a = -8 + 10. Suppose -p - z - 4 = 49, -p = a*z + 58. Let d = -17 - p. Is d a prime number?
True
Suppose 0 = -27*v + 592939 + 270170. Is v composite?
True
Suppose 4*r = -r + 20. Suppose 2*b = -5*u + 347, r*b = u + 5*b - 70. Is u a prime number?
False
Let w(f) = -15*f - 9. Let l(r) = r. Let n(p) = -4*l(p) + w(p). Let u(d) = -d**2 + 3*d + 4. Let s be u(6). Is n(s) a composite number?
False
Suppose -2*a + k + 82666 = 0, 22*a - 23*a - 3*k + 41333 = 0. Is a prime?
True
Let y(s) = -3*s**2 - 131*s + 23. Is y(-38) prime?
False
Let u(x) = -1 + 9 + 6 - 42*x + 34*x**2 - x**3. Is u(27) composite?
True
Let w(g) = g**3 - 5*g**2 - 4*g - 4. Let r(h) = -h + 2. Let f be r(-4). Let x be w(f). Is ((-4)/x)/(2/(-508)) prime?
True
Let o(c) = -23*c**3 - 4*c**2 + 3*c + 3. Is o(-4) a prime number?
True
Suppose -5*a - 9 = -3*i + 8, 2*a + 5*i = -13. Let s(z) = -z. Let m(p) = -20*p**2 - 3*p - 3. Let b(h) = -m(h) + 2*s(h). Is b(a) composite?
True
Let c(x) = 9*x**2 + 13*x + 9. Let q be 40/12*3 - 3. Is c(q) a prime number?
True
Let m(j) = 641*j + 1. Is m(2) composite?
False
Suppose 2*i = 4*h - 1376, -4*h + 0*i = 3*i - 1386. Is h/5*37/3 composite?
True
Let y(q) = -79*q**3 + 2*q**2 + 2*q + 3. Let i be y(-2). Suppose -l - 124 = -2*l - 3*z, -5*l = -4*z - i. Is l composite?
False
Suppose -5*q - 2*t = -31082, -7*q - 5*t = -6*q - 6198. Is q prime?
False
Suppose -5 = 4*s + s. Is s/((-1)/(-381))*(-1)/3 a composite number?
False
Let s = -70 + 300. Suppose 994 = 4*n - 5*l, n = -l + 23 + s. Is n prime?
True
Let u(m) = 19*m**2 + 18*m - 221. Is u(-32) composite?
True
Suppose 0 = 28*o - 4288 + 88. Suppose -4*r + 20 = w + w, -4*r + 3*w = 0. Suppose r*v - 57 = o. Is v a prime number?
False
Let h(q) = q**3 - 11*q**2 + 34*q - 17. Is h(10) a prime number?
True
Let m be (-2 + (-12)/(-8))*-8. Suppose 0 = -5*w + 2*w + 3. Is 462/24*w*m composite?
True
Suppose -8*f - 10 = 14. Is -1181*((6 - 4) + f) prime?
True
Suppose 0 = -4*p + 3*m + 35542, 6*m - 4 = 4*m. Is p composite?
False
Let c = 61901 - 39222. Is c composite?
False
Let q be 1 - (-1798)/6 - (-14)/42. Let o = -48 + q. Is o a prime number?
False
Let z = 0 - 14. Is (-1645)/z - (-3)/6 composite?
True
Let z(l) = -2152*l**3 + l**2 + 2*l + 2. Is z(-1) composite?
False
Let z = -496 + 4665. Is z a composite number?
True
Let y = -278 - -499. Suppose -y + 16 = -o. Is o a composite number?
True
Let t(z) = -54*z**2 + 10*z + 17. Let a be t(-3). Let l = a - -701. Is l a prime number?
False
Is (0 + -1653)*1/(-3) a composite number?
True
Let d = -775 - -2324. Suppose -4*g - 4*p = -3048, 7*g = 5*g + 3*p + d. Is g a composite number?
True
Let z(s) = -13*s - 3. Let j(w) = -26*w - 5. Let p(x) = 3*j(x) - 5*z(x). Let b be -2*(0 - (-1)/2). Is p(b) a prime number?
True
Is (86930/30 - 1) + (-3)/(-9) composite?
False
Suppose -2*v - 4350 = -5*v. Suppose 5*a - 1065 = v. Is a composite?
False
Let t = -140 - -183. Suppose -s - 1 + 2 = 0. Is (t - s) + 0 + 1 a prime number?
True
Suppose -y = 2, -3*z - 4057 = -6*z - 4*y. Is z prime?
False
Suppose 2*u = -6*u + 24392. Let a = u + -2018. Is a composite?
False
Suppose 6*j - 2*j + 5*q = 631, q + 305 = 2*j. Suppose 8*w - 10*w = -j. Is w composite?
True
Let n(y) = -y - 328. Let h be n(0). Let a = 626 + h. Is a*(12/(-8) + 2) prime?
True
Let v be (2/9 - 10990/45)*2. Let y = v + 795. Is y composite?
False
Suppose 2*b - 2*s = 5687 + 2013, -3*b + 2*s + 11547 = 0. Is b a prime number?
True
Let z(x) be the first derivative of x**3/3 + x**2/2 + 319*x + 19. Is z(0) a composite number?
True
Suppose -5*v + 507 = -2*z, 3*z + 305 = 3*v + z. Let b = v - 276. Let w = -120 - b. Is w composite?
True
Let o(w) = 2*w**2 + 18*w + 16. Let x be o(-9). Let s = x + 6. Is s composite?
True
Suppose 0 = 4*d - d. Suppose 0 = -4*f - 3*t + 30, 0 = 2*f + 3*t - d*t - 12. Suppose f*o - 678 = 339. Is o a prime number?
True
Suppose -2*f = 2*r, -2*f + 9 = 2*f + r. Let y(n) be the second derivative of n**3/3 + n**2/2 - 2*n. Is y(f) a prime number?
True
Suppose 0 = -11*y - 15*y + 58162. Is y prime?
True
Let z(n) = -3*n + 1. Let f(a) = a - 1. Let h(k) = -2*f(k) - z(k). Let q be h(1). Suppose 2*s = -q*s + 1484. Is s a prime number?
False
Suppose 4*b = 3*q + 471, -3*b + 131 = -q - 26. Let t = 528 + q. Is t prime?
False
Let d = 116618 + -80731. Is d composite?
True
Suppose -3 = p - 4*p. Let d be (5 - 1/p) + -3. Is ((-7)/(-14))/(d/298) a composite number?
False
Suppose -20 = -4*l - 4*n, 13 = -5*l - n + 46. Let s(x) = -39*x + 21*x - x**3 + 8*x**2 + 6 - 2 + 24*x. Is s(l) composite?
True
Let x = 9 + 2. Suppose -x*m + 5*m + 8508 = 0. Is m composite?
True
Suppose 12*y + 5150 - 90482 = 0. Suppose 0*j + 3*j - 21329 = 5*q, -y = -j + q. Is j a prime number?
False
Let b = -67 + 75. Let c(z) = z**2 - 3*z. Let d be c(3). Is -3 + (d - -19)*b composite?
False
Let y = 6746 - 4812. Is y a composite number?
True
Let g = 4319 - -1222. Is g a prime number?
False
Suppose -1 = -2*z - 3. Let t(i) = 277 + 14*i**2 + 4*i**2 - 278 - 2*i. Is t(z) prime?
True
Let v = 10 - 11. Is 1/1*v - -294 composite?
False
Suppose 5*f + 2*r = 51, -f + 0 = -2*r - 3. Let g(j) = -f + j**3 + 5*j - 2*j**3 + 20 - 14 - 8*j**2. Is g(-9) a composite number?
True
Suppose d + 1 = -0*d. Suppose -4 = -3*v - j, 3 = -v - 5*j + 23. Is (v - d)/((-7)/(-1127)) prime?
False
Let o(g) = 68146*g - 5. Is o(1) a prime number?
True
Let u be 5*((-2)/3 - 2/15). Let b(t) = 9*t**2 + 9*t + 13. Is b(u) prime?
False
Suppose -3*u = 3*l - 12522, 0 = -3*l - 2*u + 7024 + 5501. Is l prime?
True
Is 12224/6 + 6*(-50)/(-180) prime?
True
Let h = -182 - -399. Suppose 3*u - 47 - h = 0. Let p = u - -33. Is p prime?
False
Let q be (9/2)/9*10. Is 2/q - (-12565)/25 prime?
True
Let d(w) = 334*w + 49. Is d(6) prime?
True
Suppose -q + 6 - 3 = 0. Let x = q + -3. Suppose x = 4*r - 12, 4*d - 4*r = -2 + 346. Is d composite?
False
Let r(a) = a + 185. Suppose 5*n 